.
1
Let f(u) = u**3 - 10*u**2 + 13*u + 8. Give f(8).
-16
Let p(r) = r**2 - 27*r + 21. What is p(28)?
49
Let w(f) = -f**3 - 4*f**2 - 3*f. Give w(-2).
-2
Let c(r) = 2*r - 7. Calculate c(-6).
-19
Let a(v) = -v**3 + 16*v**2 - 13*v + 15. Calculate a(15).
45
Let t(i) = -i**3 + 2*i**2. Determine t(-2).
16
Let l(z) = -z - 26. What is l(-17)?
-9
Let n(k) = 5*k + 6. Give n(-1).
1
Let u(s) = 50*s - 57. Determine u(1).
-7
Let d(b) = b**2 + 10*b + 5. Calculate d(-10).
5
Let f(z) = -z**2 - 11*z - 1. Give f(-10).
9
Let x(q) = -2*q**3 - 21*q**2 + 37*q + 23. What is x(-12)?
11
Let p(c) = c**3 + 12*c**2 - 3*c - 40. Give p(-12).
-4
Let a(s) = -50*s**3 - s**2 + s - 1. Determine a(1).
-51
Let u(p) = p**2 + 11*p - 17. Calculate u(-13).
9
Let i(n) = -47*n - 14. What is i(-3)?
127
Let t(f) = -3*f + 33. What is t(12)?
-3
Let h(z) = 7*z**3 - 2*z**2 + 6*z - 4. Give h(1).
7
Let o(h) = -h**2 - 11*h - 9. What is o(-9)?
9
Let d(s) = s**3 - 15*s**2 + 3. Calculate d(15).
3
Let w(h) = h**3 - 11*h**2 - 14*h + 15. Give w(12).
-9
Let o(d) = 2*d**3 + 4*d**2 - 3*d - 7. What is o(-3)?
-16
Let f(c) = 12*c + 15. What is f(-1)?
3
Let i(m) = -m**2 + 51. Give i(0).
51
Let h(l) = l**2 + 5*l + 12. Determine h(-8).
36
Let p(h) = 3*h**3 + h - 1. Give p(1).
3
Let z(k) = k**3 + 9*k**2 - 2*k - 14. Determine z(-9).
4
Let m(v) = -46*v**2 + v. Give m(-1).
-47
Let v(d) = -4*d - 13. Determine v(-2).
-5
Let j(v) = -v. Calculate j(12).
-12
Let o(s) = -s**3 + 7*s**2 + 8*s + 7. Determine o(8).
7
Let a(r) = 59*r - 1. Determine a(-1).
-60
Let o(i) = i**3 - 6*i**2 - 4*i - 3. Calculate o(6).
-27
Let f(m) = -12*m - 152. Determine f(-13).
4
Let v(m) = m**2 - 18*m - 134. Calculate v(-7).
41
Let o(t) = 2*t**2 - 51*t + 316. What is o(14)?
-6
Let s(j) = j**2 - 35*j + 176. Give s(6).
2
Let s(l) = l**2 - 6*l + 1. What is s(3)?
-8
Let r(c) = c**3 - 11*c**2 - 2*c + 18. What is r(11)?
-4
Let p(x) = x - 19. Give p(8).
-11
Let w(c) = c - 30. Calculate w(32).
2
Let f(l) = 2*l**3 + 97*l**2 - 48*l + 43. What is f(-49)?
-6
Let x(b) = b**3 + 33*b**2 + 63*b + 22. Determine x(-31).
-9
Let g(b) = -b**2 - 21*b - 5. Give g(-8).
99
Let p(t) = t**2 + 28*t + 112. Determine p(-25).
37
Let j(g) = 4*g**2 + 55*g - 18. Calculate j(-14).
-4
Let f(u) = 2*u - 2. What is f(-6)?
-14
Let j(v) = 4*v - 1. Determine j(-8).
-33
Let x(u) = -u**2 - 4*u. Calculate x(-5).
-5
Let u(g) = -10*g**2 + 12*g + 12. What is u(0)?
12
Let k(i) = -5*i - 4. Give k(-3).
11
Let i(r) = 3*r - 137. Determine i(46).
1
Let v(a) = a**2 - 34*a + 118. What is v(30)?
-2
Let u(a) = -a**3 + 10*a**2 - 14*a + 35. What is u(9)?
-10
Let d(p) = p**2 + 50*p + 252. Determine d(-6).
-12
Let i(a) = -2*a - 17. Calculate i(-5).
-7
Let m(o) = o**2 - 6*o + 20. What is m(12)?
92
Let c(b) = b**3 - 4*b**2 - 5*b + 6. What is c(3)?
-18
Let c(u) = -12*u**3 - 3*u**2 + 5*u - 7. Calculate c(2).
-105
Let j(f) = -170*f - 845. Give j(-5).
5
Let y(s) = s**2 + 14*s + 37. What is y(-10)?
-3
Let h(o) = o**3 + 37*o**2 + 36*o + 4. What is h(-36)?
4
Let s(p) = -p**3 + 30*p**2 - 7*p + 219. Give s(30).
9
Let w(q) = -q**3 - 25*q**2 - 26*q - 49. Give w(-24).
-1
Let v(z) = 3*z**2 - 6*z. Determine v(2).
0
Let r(d) = 50*d + 1305. Calculate r(-26).
5
Let p(z) = -z**3 - 8*z**2 + 6*z + 7. Determine p(-9).
34
Let y(k) = k**3 + 9*k**2 + k + 25. Give y(-10).
-85
Let c(n) = -n**3 - 33*n**2 - 29*n + 90. Calculate c(-32).
-6
Let k(s) = -s**2 - 15*s + 16. Give k(-16).
0
Let b(f) = 3*f - 49. What is b(0)?
-49
Let x(w) = -w**3 - 10*w**2 - 10*w - 1. Calculate x(-9).
8
Let t(f) = -f**2 + 4*f - 5. What is t(4)?
-5
Let v(d) = d**2 - 10*d - 17. What is v(13)?
22
Let h(o) = -3*o - 11. Give h(0).
-11
Let r(v) = -v**3 - 5*v**2 - 4*v - 5. Give r(-5).
15
Let t(v) = -v**3 + 9*v**2 - 7*v. Calculate t(8).
8
Let n(f) = f**3 - 6*f**2 - 3*f - 6. Determine n(4).
-50
Let a(j) = j + 28. Give a(0).
28
Let m(i) = -i**2 - 10*i + 11. What is m(-12)?
-13
Let j(s) = -s + 13. Calculate j(3).
10
Let u(s) = -s - 41. Calculate u(0).
-41
Let w(x) = x**3 - x**2 + x + 9. Determine w(0).
9
Let k(a) = -a**3 + 7*a**2 + 3*a + 3. What is k(7)?
24
Let v(n) = 3*n**2 - 6*n + 6. What is v(2)?
6
Let m(o) = -o**2 - 6*o - 8. Calculate m(-8).
-24
Let u(m) = 5*m**3 + m**2 - 10*m + 8. What is u(3)?
122
Let a(v) = -v**2 - 4*v + 15. Calculate a(0).
15
Let j(s) = -s**3 - 11*s**2 + 14*s + 12. Give j(-12).
-12
Let c(p) = p - 6. Determine c(-4).
-10
Let s(d) = -20*d. Calculate s(-1).
20
Let x(u) = u**2 + 10*u - 1. What is x(-11)?
10
Let p(t) = -122*t - 616. Give p(-5).
-6
Let u(d) = d**2 - 9*d - 5. Give u(7).
-19
Let n(b) = -5*b + 48. Give n(10).
-2
Let o(w) = -w**2 - 4*w + 9. Calculate o(-5).
4
Let o(w) = -8*w - 6. Give o(0).
-6
Let n(j) = j**3 - 4*j**2 + j - 1. Give n(3).
-7
Let d(g) = -g**3 + 2*g**2 + g - 2. Determine d(5).
-72
Let r(s) = -s - 10. Determine r(-5).
-5
Let f(p) = 17*p**3 - p**2 + p. Give f(1).
17
Let y(x) = -4*x - 3. Determine y(6).
-27
Let o(h) = h + 1. Calculate o(4).
5
Let p(b) = b - 3. Determine p(3).
0
Let n(r) = -r**3 - 3*r**2 - r - 3. Calculate n(-3).
0
Let r(d) = -d**3 - 5*d**2 + 11*d - 13. Calculate r(-7).
8
Let k(l) = l**2 + 8*l + 7. What is k(-8)?
7
Let i(u) = -u**3 - 7*u**2 - 2*u - 2. Determine i(-6).
-26
Let z(a) = -a**2 + 11*a - 1. Calculate z(11).
-1
Let n(l) = l**3 - 3*l**2 + 4*l - 2. Give n(2).
2
Let p(b) = b**2 + 15*b + 61. What is p(-8)?
5
Let n(j) = 5*j - 10. Calculate n(3).
5
Let q(n) = -6*n + 8. Calculate q(5).
-22
Let w(x) = -5*x + 34. What is w(10)?
-16
Let l(t) = -3*t**2 + 27*t + 13. Give l(9).
13
Let r(a) = -a**2 + 13*a + 169. Calculate r(-8).
1
Let y(j) = -j - 17. What is y(-10)?
-7
Let s(t) = t**2 - 9*t. Give s(6).
-18
Let g(w) = w - 19. What is g(12)?
-7
Let f(w) = 20*w - 11. Determine f(1).
9
Let z(b) = -b**3 - 7*b**2 + 23*b + 14. Calculate z(-9).
-31
Let h(k) = 22*k - 63. Calculate h(4).
25
Let y(i) = -4*i**2 + 29. What is y(4)?
-35
Let l(q) = -q**2 + 13*q + 34. Calculate l(13).
34
Let c(y) = y**2 - 17. Determine c(5).
8
Let q(j) = -j**2 - 2*j + 21. Give q(4).
-3
Let p(n) = -19*n - 1711. What is p(-90)?
-1
Let x(i) = 3*i - 207. What is x(70)?
3
Let r(z) = -z**2 - 6*z + 5. Determine r(-5).
10
Let k(b) = 2*b - 37. Give k(-7).
-51
Let g(l) = l**3 - 8*l**2 + 11*l - 22. Determine g(7).
6
Let z(o) = -2*o**2 - 10*o - 7. Calculate z(-4).
1
Let w(y) = -2*y - 29. What is w(-13)?
-3
Let j(g) = 28*g + 79. What is j(-5)?
-61
Let a(q) = 61*q - 13. Give a(4).
231
Let i(w) = -53*w - 426. Determine i(-8).
-2
Let x(m) = -m**2 - 5*m - 4. Calculate x(-6).
-10
Let o(j) = j + 1. What is o(8)?
9
Let j(g) = -g + 3. Give j(-9).
12
Let y(w) = -2*w**2 - 3*w - 4. Give y(-6).
-58
Let g(f) = -f**3 + 7*f**2 - 4*f - 11. Give g(6).
1
Let p(m) = -m**3 - m**2 - 2*m + 7. Calculate p(0).
7
Let q(r) = -8*r + 7. Calculate q(2).
-9
Let p(t) = 12*t - 52. Calculate p(4).
-4
Let f(q) = -11*q**2 - 2*q - 1. Determine f(2).
-49
Let j(a) = 5*a - 23. Give j(-11).
-78
Let w(y) = 13*y + 27. Calculate w(4).
79
Let g(i) = i**3 - 7*i**2 - i - 27. What is g(8)?
29
Let v(r) = r**2 - 9*r + 2. Calculate v(14).
72
Let q(c) = c**3 - c + 1. Give q(1).
1
Let w(q) = q**3 + 5*q**2 - q. Calculate w(-3).
21
Let t(p) = -p**3 - 11*p**2 + 11*p - 2. What is t(-12)?
10
Let n(m) = -m**3 - 10*m**2 - 11*m - 7. What is n(-9)?
11
Let p(r) = -r**2 + 3*r + 3. What is p(4)?
-1
Let y(b) = -2*b**2 + 52*b - 5. What is y(25)?
45
Let u(i) = -8*i + 6. Give u(7).
-50
Let r(x) = 3*x**2 + 11*x + 2. Calculate r(-4).
6
Let q(a) = a**2 - 16*a + 30. Determine q(14).
2
Let a(y) = y**3 - 18*y**2 - 16*y + 17. Give a(19).
74
Let p(a) = -4*a**3 + a**2 - 2*a + 4. Calculate p(2).
-28
Let y(w) = -w**2 + 3*w + 40. Give y(-6).
-14
Let s(k) = 26*k + 1. What is s(-2)?
-51
Let q(j) = 15*j**2 + 6. Determine q(-3).
141
Let r(x) = x**2 + 3*x - 19. What is r(-5)?
-9
Let r(p) = -p**3 - 19*p**2 + 2*p + 15. Give r(-19).
-23
Let q(j) = -4*j + 29. Calculate q(6).
5
Let s(f) = 5*f**2 + 63*f - 63. Calculate s(1).
5
Let h(j) = -31*j - 151. What is h(-5)?
4
Let d(p) = -2*p - 8. What is d(-8)?
8
Let f(j) = j**3 + 10*j**2 + 20*j - 5. Give f(-4).
11
Let m(x) = -8*x - 6. Determine m(-6).
42
Let n(v) = 2*v**2 + 1. Give n(2).
9
Let p(o) = 3*o - 8. What is p(8)?
16
Let k(i) = -8*i - 16. What is k(-2)?
0
Let y(a) = 4*a + 1. Determine y(6).
25
Let j(p) = -25*p - 151. Determine j(-7).
24
Let k(r) = -r**3 + 7*r**2 + 2*r + 5. Give k(7).
19
Let b(o) = 7